{"id":1291,"date":"2019-02-15T12:22:33","date_gmt":"2019-02-15T11:22:33","guid":{"rendered":"http:\/\/texcon.de\/_texcon_wordpress?page_id=1291"},"modified":"2019-02-15T13:04:34","modified_gmt":"2019-02-15T12:04:34","slug":"teilefabrik","status":"publish","type":"page","link":"https:\/\/texcon.de\/?page_id=1291","title":{"rendered":"Teilefabrik"},"content":{"rendered":"<h2>\n\t\tTeilefabrik\n\t<\/h2>\n\t<p>Texcon unterst\u00fctzt Hersteller mit Maschinenleistungen zum Schneiden und F\u00fcgen technischer Textilien. Dieser Service kann als Lohnfertigung oder Komponentenherstellung durchgef\u00fchrt werden.<\/p>\n\t\t\t<a href=\"https:\/\/texcon.de\/_texcon_wordpress\/?page_id=606\" target=\"_self\" role=\"button\">\n\t\t\t\t\t\t\tLeistungsspektrum kennenlernen\n\t\t\t\t\t<\/a>\n","protected":false},"excerpt":{"rendered":"<p>Teilefabrik Texcon unterst\u00fctzt Hersteller mit Maschinenleistungen zum Schneiden und F\u00fcgen technischer Textilien. Dieser Service kann als Lohnfertigung oder Komponentenherstellung durchgef\u00fchrt werden. Leistungsspektrum kennenlernen<\/p>\n","protected":false},"author":1,"featured_media":0,"parent":23,"menu_order":0,"comment_status":"closed","ping_status":"closed","template":"full-width-page.php","meta":[],"_links":{"self":[{"href":"https:\/\/texcon.de\/index.php?rest_route=\/wp\/v2\/pages\/1291"}],"collection":[{"href":"https:\/\/texcon.de\/index.php?rest_route=\/wp\/v2\/pages"}],"about":[{"href":"https:\/\/texcon.de\/index.php?rest_route=\/wp\/v2\/types\/page"}],"author":[{"embeddable":true,"href":"https:\/\/texcon.de\/index.php?rest_route=\/wp\/v2\/users\/1"}],"replies":[{"embeddable":true,"href":"https:\/\/texcon.de\/index.php?rest_route=%2Fwp%2Fv2%2Fcomments&post=1291"}],"version-history":[{"count":7,"href":"https:\/\/texcon.de\/index.php?rest_route=\/wp\/v2\/pages\/1291\/revisions"}],"predecessor-version":[{"id":1300,"href":"https:\/\/texcon.de\/index.php?rest_route=\/wp\/v2\/pages\/1291\/revisions\/1300"}],"up":[{"embeddable":true,"href":"https:\/\/texcon.de\/index.php?rest_route=\/wp\/v2\/pages\/23"}],"wp:attachment":[{"href":"https:\/\/texcon.de\/index.php?rest_route=%2Fwp%2Fv2%2Fmedia&parent=1291"}],"curies":[{"name":"wp","href":"https:\/\/api.w.org\/{rel}","templated":true}]}}

<h2>
		Teilefabrik
	</h2>
	<p>Texcon unterstützt Hersteller mit Maschinenleistungen zum Schneiden und Fügen technischer Textilien. Dieser Service kann als Lohnfertigung oder Komponentenherstellung durchgeführt werden.</p>
			<a href="https://texcon.de/_texcon_wordpress/?page_id=606" target="_self" role="button">
							Leistungsspektrum kennenlernen
					</a>

<p>Teilefabrik Texcon unterstützt Hersteller mit Maschinenleistungen zum Schneiden und Fügen technischer Textilien. Dieser Service kann als Lohnfertigung oder Komponentenherstellung durchgeführt werden. Leistungsspektrum kennenlernen</p>
