{"id":1052,"date":"2019-02-06T09:51:01","date_gmt":"2019-02-06T08:51:01","guid":{"rendered":"http:\/\/texcon.de\/_texcon_wordpress?page_id=1052"},"modified":"2019-02-13T19:26:14","modified_gmt":"2019-02-13T18:26:14","slug":"gasspeicherballone","status":"publish","type":"page","link":"https:\/\/texcon.de\/?page_id=1052","title":{"rendered":"Gasspeicherballone"},"content":{"rendered":"\n\n\t\t\t\t<img loading=\"lazy\" width=\"350\" height=\"274\" title=\"UE-Ventil\" alt=\"UE-Ventil\" src=\"https:\/\/texcon.de\/_texcon_wordpress\/wp-content\/uploads\/2017\/01\/UE-Ventil.jpg\" itemprop=\"image\">\n<h3>\n\t\tGasspeicherballone\n\t<\/h3>\n\t<p>Gasspeicherballone werden zur drucklosen Speicherung von Gasen, wie&nbsp;&nbsp;Stickstoff, Kohlendioxid, Wasserstoff, Helium oder anderen Edelgasen eingesetzt.&nbsp; Eine Vielzahl von&nbsp;Varianten und Ausf\u00fchrungen&nbsp;steht zur Verf\u00fcgung:<\/p>\n<ul>\n<li>Formen: Zylinder, Kugel, Kissen<\/li>\n<li>Gr\u00f6ssen: 1-200 m\u00b3, individualisierbar<\/li>\n<li>Materialien: Neoprene, Hypalon, Butyl,&nbsp;Polyurethan, PVC\/PU-Blend<\/li>\n<li>Herstellungsverfahren: Kaltvulkanisation, Hochfrequenzverschwei\u00dfung<\/li>\n<\/ul>\n<p>Zubeh\u00f6rkomponenten werden f\u00fcr jeden Anwendungsfall&nbsp;individuell konfiguriert:<\/p>\n<ul>\n<li>Anschlussstutzen<\/li>\n<li>\u00dcberdruckventile<\/li>\n<li>F\u00fcllstandsanzeigen<\/li>\n<li>Montagesysteme<\/li>\n<\/ul>\n\t\t\t\t<img loading=\"lazy\" width=\"448\" height=\"253\" title=\"IMG_4575\" alt=\"IMG_4575\" src=\"https:\/\/texcon.de\/_texcon_wordpress\/wp-content\/uploads\/2018\/11\/IMG_4575.jpg\" itemprop=\"image\">\n","protected":false},"excerpt":{"rendered":"<p>Gasspeicherballone Gasspeicherballone werden zur drucklosen Speicherung von Gasen, wie&nbsp;&nbsp;Stickstoff, Kohlendioxid, Wasserstoff, Helium oder anderen Edelgasen eingesetzt.&nbsp; Eine Vielzahl von&nbsp;Varianten und Ausf\u00fchrungen&nbsp;steht zur Verf\u00fcgung: Formen: Zylinder, Kugel, Kissen Gr\u00f6ssen: 1-200 m\u00b3, individualisierbar Materialien: Neoprene, Hypalon, Butyl,&nbsp;Polyurethan, PVC\/PU-Blend Herstellungsverfahren: Kaltvulkanisation, Hochfrequenzverschwei\u00dfung Zubeh\u00f6rkomponenten werden f\u00fcr jeden Anwendungsfall&nbsp;individuell konfiguriert: Anschlussstutzen \u00dcberdruckventile F\u00fcllstandsanzeigen Montagesysteme<\/p>\n","protected":false},"author":1,"featured_media":0,"parent":21,"menu_order":0,"comment_status":"closed","ping_status":"closed","template":"full-width-page.php","meta":[],"_links":{"self":[{"href":"https:\/\/texcon.de\/index.php?rest_route=\/wp\/v2\/pages\/1052"}],"collection":[{"href":"https:\/\/texcon.de\/index.php?rest_route=\/wp\/v2\/pages"}],"about":[{"href":"https:\/\/texcon.de\/index.php?rest_route=\/wp\/v2\/types\/page"}],"author":[{"embeddable":true,"href":"https:\/\/texcon.de\/index.php?rest_route=\/wp\/v2\/users\/1"}],"replies":[{"embeddable":true,"href":"https:\/\/texcon.de\/index.php?rest_route=%2Fwp%2Fv2%2Fcomments&post=1052"}],"version-history":[{"count":5,"href":"https:\/\/texcon.de\/index.php?rest_route=\/wp\/v2\/pages\/1052\/revisions"}],"predecessor-version":[{"id":1231,"href":"https:\/\/texcon.de\/index.php?rest_route=\/wp\/v2\/pages\/1052\/revisions\/1231"}],"up":[{"embeddable":true,"href":"https:\/\/texcon.de\/index.php?rest_route=\/wp\/v2\/pages\/21"}],"wp:attachment":[{"href":"https:\/\/texcon.de\/index.php?rest_route=%2Fwp%2Fv2%2Fmedia&parent=1052"}],"curies":[{"name":"wp","href":"https:\/\/api.w.org\/{rel}","templated":true}]}}